Give l(12).
6
Let i(g) = -2*g + 393. Calculate i(-26).
445
Let u(j) = -470*j - 1391. Give u(-3).
19
Let f(l) = 1351*l + 2682. Calculate f(-2).
-20
Let d(r) = 51*r + 6277. What is d(-123)?
4
Let c(g) = g**3 - 7*g**2 - 10*g + 30. Give c(2).
-10
Let p(j) = -3*j**2 - 254*j - 2619. Give p(-12).
-3
Let i(f) = -f**2 + 1183*f + 7146. What is i(-6)?
12
Let s(v) = -3*v**2 + 54*v - 241. Determine s(10).
-1
Let b(l) = 742*l - 155091. Give b(209).
-13
Let n(a) = a**3 + 6*a**2 + 35*a + 145. Determine n(-5).
-5
Let l(h) = h**2 + 36*h + 280. Calculate l(-23).
-19
Let t(m) = -m + 74. Give t(85).
-11
Let h(t) = -2*t + 94. Give h(13).
68
Let b(y) = 272*y + 117. Determine b(-1).
-155
Let d(v) = -129*v - 661. What is d(-5)?
-16
Let n(w) = 3*w**2 + 12*w - 26. What is n(2)?
10
Let o(y) = -y**2 + 69*y - 211. What is o(3)?
-13
Let m(c) = -231*c + 26. Determine m(0).
26
Let q(v) = -v**3 + 25*v**2 - 17*v + 419. Give q(25).
-6
Let f(h) = 2*h + 35. Give f(10).
55
Let q(s) = -s**3 + 15*s**2 - 7*s + 75. Calculate q(15).
-30
Let z(u) = -2*u**3 + 93*u**2 - 452*u + 45. What is z(41)?
4
Let m(h) = -h**3 + 11*h**2 + 7*h - 161. Give m(9).
64
Let c(t) = 4*t - 51. Calculate c(12).
-3
Let d(f) = 2*f**2 - 92*f + 587. Determine d(33).
-271
Let i(x) = 42*x**2 - 27*x + 58. What is i(2)?
172
Let r(a) = -17*a + 321. Give r(17).
32
Let t(i) = i**2 + 78*i + 489. Give t(-71).
-8
Let x(m) = 19*m**2 - 50*m - 109. Give x(-2).
67
Let m(i) = -16038*i + 16041. Determine m(1).
3
Let v(w) = -w**2 + 299*w - 16824. Calculate v(75).
-24
Let h(v) = -554*v - 6084. Give h(-11).
10
Let c(n) = -2*n**2 + 19*n + 255. Give c(15).
90
Let o(n) = 328*n + 2313. Determine o(-7).
17
Let i(j) = -55*j + 4859. Calculate i(88).
19
Let c(w) = 139*w + 1258. Determine c(-9).
7
Let n(g) = 3*g - 93. Determine n(43).
36
Let w(j) = j**3 + 8*j**2 - 294*j - 47. Calculate w(-22).
-355
Let i(u) = 4*u**2 + 24*u - 43. Calculate i(2).
21
Let j(v) = -2*v**3 - v**2 - 11*v - 7. Calculate j(0).
-7
Let n(p) = 8*p**2 + 14*p - 14. What is n(-5)?
116
Let a(z) = 5728*z - 171829. Calculate a(30).
11
Let s(q) = -283*q**2 - 6*q - 5. Determine s(-1).
-282
Let p(n) = -28*n + 3399. Determine p(120).
39
Let o(n) = -n**3 - 13*n**2 - 28*n + 42. What is o(-10)?
22
Let n(o) = -2*o**3 + 2*o**2 + 8*o + 80. Give n(0).
80
Let b(f) = f**3 - 19*f**2 - 68*f + 3. Determine b(22).
-41
Let c(t) = -t**2 + 127*t + 510. Determine c(-4).
-14
Let w(l) = l**3 - 48*l**2 + 50*l - 189. Determine w(47).
-48
Let h(y) = -y**2 - 19*y + 597. Determine h(-32).
181
Let p(g) = 2*g - 49. Calculate p(16).
-17
Let l(s) = 492*s + 70. Calculate l(-1).
-422
Let y(n) = -n**3 - 42*n**2 - 34*n + 281. What is y(-41)?
-6
Let i(t) = 83*t + 24. Give i(1).
107
Let j(f) = 3*f**2 + 52*f - 1890. What is j(19)?
181
Let i(x) = 7*x**2 - 2*x - 5. What is i(-2)?
27
Let c(y) = -5*y - 22. Calculate c(-5).
3
Let w(i) = 4*i**2 + 16*i - 66. Determine w(3).
18
Let o(i) = 22*i - 10. Give o(0).
-10
Let y(b) = 2*b**3 + 11*b**2 - 11*b - 92. Calculate y(-5).
-12
Let u(m) = -2*m**2 + 55*m + 176. What is u(31)?
-41
Let b(d) = -d**2 + 85*d + 1766. What is b(-17)?
32
Let y(f) = -f**2 - 24*f - 78. Give y(-20).
2
Let z(n) = -n**2 - 29*n - 51. Give z(-24).
69
Let f(p) = -2*p**3 + 24*p**2 - 12*p + 17. Give f(11).
127
Let r(i) = -i**3 - 6*i**2 - 20*i - 42. What is r(-3)?
-9
Let b(n) = 4*n**2 + 32*n + 12. Give b(-7).
-16
Let w(v) = 168*v - 93. What is w(0)?
-93
Let g(j) = 1127*j - 15810. Give g(14).
-32
Let s(v) = 21*v**3 + 714*v**2 + 2*v + 70. Give s(-34).
2
Let w(j) = -2*j**3 + 7*j**2 + 4*j - 85. Calculate w(0).
-85
Let d(j) = j**3 - 45*j**2 + 73*j - 3257. What is d(45)?
28
Let w(k) = -22*k - 322. What is w(-6)?
-190
Let p(j) = -3*j**3 - 9*j**2 - 440*j - 1809. What is p(-4)?
-1
Let u(p) = p**2 - 17*p - 477. Determine u(37).
263
Let c(l) = -5*l**2 - 72*l + 56. What is c(-15)?
11
Let y(s) = 161*s - 22701. Determine y(141).
0
Let q(m) = 3*m**2 + 12*m + 61. What is q(-4)?
61
Let f(m) = 1098*m - 4394. Determine f(4).
-2
Let a(r) = 2*r**2 + 5*r - 13. What is a(7)?
120
Let h(l) = -l**3 - 16*l**2 + 49*l + 65. Determine h(-16).
-719
Let g(r) = 17*r + 260. Give g(-15).
5
Let b(v) = -8*v**2 + 329*v - 961. What is b(38)?
-11
Let d(k) = -36*k - 325. Give d(-9).
-1
Let j(m) = 506*m - 1397. Give j(3).
121
Let w(z) = -z**3 + 5*z**2 + 7*z - 3. What is w(5)?
32
Let l(u) = u**3 + 11*u**2 - 678*u + 136. Determine l(21).
10
Let q(v) = v**3 + 35*v**2 - 60*v - 745. Calculate q(-4).
-9
Let c(l) = -33*l + 47. Give c(7).
-184
Let w(v) = -2*v**3 + 13*v**2 - 14*v + 4. Calculate w(4).
28
Let y(s) = -9*s**3 + 44*s**2 - 45*s + 2. Give y(1).
-8
Let q(i) = i**2 + 164*i - 337. Calculate q(2).
-5
Let m(v) = 1324*v + 5303. Give m(-4).
7
Let y(v) = -110*v + 2640. Determine y(24).
0
Let a(g) = -g**3 - 8*g**2 + 51*g + 416. Determine a(-7).
10
Let r(n) = -196*n - 12759. Calculate r(-65).
-19
Let h(j) = -j**3 + 8*j**2 - 14*j + 53. Determine h(6).
41
Let h(s) = -20*s**3 + 5*s**2 - 14*s + 12. Calculate h(4).
-1244
Let d(c) = 2*c**3 + 33*c**2 + 5*c - 172. Give d(-16).
4
Let b(n) = -169*n + 1938. Give b(18).
-1104
Let r(n) = -6*n - 234. Give r(-44).
30
Let g(c) = -c**2 + 17*c - 57. Give g(13).
-5
Let l(w) = -w**3 + 42*w**2 + 48*w - 272. Give l(43).
-57
Let g(q) = -q**2 - 47*q - 26. Calculate g(-43).
146
Let g(d) = 119*d - 83. What is g(2)?
155
Let b(a) = -a**3 + a**2 + 35*a + 13. Calculate b(-5).
-12
Let t(g) = 4*g**2 + 33*g - 476. Give t(8).
44
Let m(v) = v**3 + 14*v**2 - 55*v + 93. Determine m(-17).
161
Let v(o) = 1392*o - 6958. Calculate v(5).
2
Let x(q) = q**2 + 31*q + 132. Give x(-26).
2
Let i(n) = 491*n + 498. Determine i(-1).
7
Let v(z) = -z**2 + 251*z - 4437. What is v(19)?
-29
Let y(i) = 3*i**3 + 50*i**2 + 35*i - 69. Determine y(-16).
-117
Let l(v) = -147*v + 577. Give l(4).
-11
Let l(i) = 14*i - 242. Calculate l(-16).
-466
Let s(x) = 3*x**3 - 19*x**2 + 40*x - 208. Give s(6).
-4
Let z(u) = 3*u**3 - 571*u**2 + 1315*u + 175. Determine z(188).
-13
Let f(c) = -2*c**2 + 10*c + 344. Determine f(-11).
-8
Let n(q) = -33*q + 276. What is n(7)?
45
Let y(i) = 32*i - 10. Calculate y(-3).
-106
Let w(s) = -s**3 - 44*s**2 - 426*s + 754. What is w(-18)?
-2
Let n(x) = 51*x - 1911. Determine n(41).
180
Let s(j) = -j**3 - 19*j**2 - 34*j + 177. What is s(-5)?
-3
Let p(w) = w**3 + 16*w**2 + 5*w - 26. What is p(-14)?
296
Let g(x) = -x**3 - 19*x**2 - 53*x - 63. What is g(-16)?
17
Let p(c) = -c**3 - 13*c**2 - 26*c - 7. Calculate p(-10).
-47
Let p(d) = 3*d**2 - 349*d - 1702. Calculate p(121).
-8
Let x(n) = 7*n - 298. Determine x(23).
-137
Let n(b) = -b**3 - 14*b**2 - 23*b - 18. Give n(-11).
-128
Let d(z) = z**3 - 49*z**2 + 93*z + 156. Calculate d(47).
109
Let m(s) = 592*s - 771. Calculate m(2).
413
Let w(n) = 4*n**2 - 273*n + 202. Give w(69).
409
Let r(p) = -p**3 + 44*p**2 + 341*p - 19015. Calculate r(41).
9
Let k(r) = 133*r - 7866. What is k(59)?
-19
Let c(w) = 199*w - 15. Give c(0).
-15
Let t(c) = -c**3 - 19*c**2 - 14*c + 292. Give t(-17).
-48
Let m(h) = -h**3 - 27*h**2 - 69*h - 2722. Calculate m(-28).
-6
Let h(o) = -o**3 + 58*o**2 - 67*o + 175. Give h(57).
-395
Let i(f) = -595*f - 4837. Determine i(-8).
-77
Let c(n) = n**2 + 43*n - 36. Give c(-45).
54
Let a(h) = 8*h + 94. Give a(-30).
-146
Let u(z) = 2*z**2 + 23*z + 59. Calculate u(-8).
3
Let u(m) = -m**3 + 13*m**2 - 15*m - 192. Calculate u(8).
8
Let l(p) = 2315*p - 2. Give l(0).
-2
Let c(q) = 11*q + 1149. Give c(-102).
27
Let t(s) = s**2 - 3*s - 109. Determine t(-10).
21
Let c(m) = m**3 + m**2 - 67*m - 47. What is c(8)?
-7
Let f(s) = -28*s + 132. Give f(-3).
216
Let h(x) = 638*x - 655. Give h(1).
-17
Let u(h) = h**3 + 3*h**2 - 7*h + 17. Determine u(-5).
2
Let t(j) = j**2 + 3496*j + 13980. Give t(-4).
12
Let k(i) = 2146*i + 2227. Determine k(-1).
81
Let v(c) = 88*c**2 - 344*c - 15. Determine v(4).
17
Let f(s) = 66*s**2 + 190*s - 9. Calculate f(-3).
15
Let k(j) = -j**2 + 2369*j + 62270. What is k(-26)?
0
Let h(r) = 71*r - 547. Determine h(8).
21
Let o(w) = 6*w**2 - 5*w + 16. What is o(8)?
360
Let c(w) = w**3 + 2*w**2 + 4*w + 6. Calculate c(-2).
-2
Let l(p) = -84*p + 69. What is l(1)?
-15
Let a(h) = h**3 - 4*h**2 + 3*h - 276. Give a(0).
-276
Let x(b) = -3*b**3 + 83*b**2 - 320*b - 52. What is x(23)?
-6
Let x(d) = 143*d + 1453. Determine x(-10).
23
Let a(w) = -5*w**2 - 506*w + 17932. Determine a(-129).
1
Let c(p) = -p**3 - 4*